*s - s**2 + 0*s. Let y = -28380 + 28384. Determine h(y).
-16
Let x(u) = -5*u**2 + 6313*u**3 - 3 - u - 2*u - 6315*u**3. Suppose 9 = -2*m + 5*m. Suppose m = h + 3*w + 21, -3*h + 4*w = -11. Give x(h).
15
Let l(n) = -2*n**2 - 36*n - 61. Let j be l(-16). Let r(s) = -4*s + 13 - 14 + 3*s - 2*s. Calculate r(j).
-10
Let l be 3/(-6) + 50/(-4). Let a(i) = -122*i + 27. Let y(q) = 27*q - 6. Let s(g) = 2*a(g) + 9*y(g). Determine s(l).
13
Let l(x) = -7*x**2 + 9*x. Let a(i) = -4*i**2 + 5*i. Let y = 283 - 280. Suppose -n = 2*z + 12, n = -3*z - 0*z - 17. Let c(m) = y*l(m) + z*a(m). Calculate c(-3).
-15
Let y(a) = a**3 - 2*a**2 + 2*a - 3. Suppose 0*o - 2*v - 13 = -3*o, -o = -4*v - 11. Give y(o).
12
Let y(v) = -v**2 + 2647*v + 2655*v - 9 - 7967*v + 2652*v. What is y(-12)?
3
Let r(d) = d + 22. Let f be r(-20). Let l(i) = -66*i**f - 3 + 63*i**2 + i**3 - 3 + 4 + 4*i. What is l(2)?
2
Let g(i) = 0 + 0*i - 8 + i. Let n be -1*(-20)/8*(-1 + 3). Let c be 55/(n - 0) - 4/4. Determine g(c).
2
Let g(c) be the second derivative of -c**4/8 + 5*c**3/6 + 5*c**2/2 - 2*c - 15. Let v(a) be the first derivative of g(a). What is v(5)?
-10
Let p(t) = -35*t + 148. Let o(x) = 120*x - 442. Let q(r) = 2*o(r) + 7*p(r). What is q(28)?
12
Let c(t) = -5*t**3 + 8 + 2*t**2 - 9*t + 6*t**2 + 9*t**3 - 5*t**3. Let f(w) = -4*w**2 - 98*w + 57. Let i be f(-25). Calculate c(i).
-6
Let o(k) = 10*k - 19. Let p be 0*((-6)/9 + 4/8). What is o(p)?
-19
Suppose -16*g + 13 = -147. Suppose -g = n - 7*z + 4*z, -2*n = -z + 5. Let f(j) = -6*j**2 + 2*j + 2. Determine f(n).
-6
Let f(q) = -q**2 + 10*q - 9. Suppose 6 = 13*s - 11*s. Let p be 4/(-36)*s*-6. Let u be ((-147)/42)/((-1)/p). Determine f(u).
12
Suppose 102*w - 570 = 246. Let a(l) = l**3 - 7*l**2 - 7*l + 11. Determine a(w).
19
Let d(c) = 80*c - 719. Let u be d(9). Let i(f) = 20*f**3 + 15*f**2 + 6*f + 6. Let v(y) = -4*y**3 - 3*y**2 - y - 1. Let b(t) = 2*i(t) + 11*v(t). Calculate b(u).
-5
Let r(u) = 915 + 13*u**2 + 10*u - 14*u**2 - 907. Calculate r(11).
-3
Suppose 2*m - 4*r - 20 = 0, 2*r = 2*m - 10 - 2. Suppose -4*d + 0*q + 39 = 3*q, 3*q = -m*d + 15. Let t(i) = -i**2 + 13*i - 11. Calculate t(d).
1
Let p(n) = -n**3 - 7*n**2 - 4*n + 7. Let v(z) = -z**3 - 2*z**2 + 3*z + 2. Let c be v(3). Let i be ((-222)/(-5))/(c/85). Let l = 105 + i. Calculate p(l).
-5
Let m(d) = 4*d + 10. Suppose -342 = -2*s - k + 613, -9 = -3*k. Let o = s - 481. Calculate m(o).
-10
Let s(c) be the second derivative of c**3/3 - 13*c**2/2 - 11*c. Let l(d) = -15*d - 19. Let m be l(-2). What is s(m)?
9
Let u(p) = -17*p**3 - 8*p**2 + 19*p + 28. Let o(d) = -5*d**3 - 3*d**2 + 6*d + 9. Let y be 3*(4/(-3))/(-3 - -5). Let x(i) = y*u(i) + 7*o(i). Give x(-5).
-13
Let h(c) = -1 + 13*c**2 - 11 + 28*c - 3 - 10. Let v(q) = 3*q**2 + 7*q - 6. Let m(k) = 2*k**2 - 14*k - 34. Let o be m(9). Let i(d) = o*h(d) - 9*v(d). Give i(-7).
4
Let k(d) = -8*d - 13. Let a(g) = 5*g + 14. Let c(v) = -3*a(v) - 2*k(v). Suppose -3*f - 2*f = -5*w + 65, w = 4*f + 19. Give c(w).
-5
Suppose -4*b - 6 = 3*y, 4*y + 107*b = 109*b - 8. Let z(j) = 2*j**3 + 3*j**2 + 2*j + 2. Determine z(y).
-6
Suppose 10*i = 2*d + 8*i - 20, 36 = 3*d - 4*i. Let j(u) = 4*u + 2. Determine j(d).
18
Let t(c) = c**3 - 6*c**2 - 55*c + 3. Let b(w) = -11*w - 1111. Let s be b(-102). Give t(s).
3
Let t be 32/14 - 6/21. Let n(j) = 4*j + 5*j + 3 - 5*j + t*j**2. Suppose -23*l + 398 = -222*l. Calculate n(l).
3
Suppose y - 5*t + 1 = 0, -3*y + 1 = -3*t + 4. Let q(s) = -76*s. Give q(y).
76
Let d(c) be the second derivative of 1/3*c**4 - 2*c - 1/20*c**5 - 3*c**2 + 13 + 1/6*c**3. What is d(5)?
-26
Let x(p) = 10*p**2 + 6. Let n(t) = -t**2 - 1. Let i(w) = -6*n(w) - x(w). Let a = 1343 - 1344. Calculate i(a).
-4
Let b(j) = -j**2 + 5*j + 8. Let m be b(7). Let w be 48/9 + (-4)/m. Let q(v) = -v**3 + 4 + 2*v**3 - 394234*v - v**2 - 4*v**2 + 394227*v. What is q(w)?
-2
Suppose -4*f = -3*f - 5. Suppose -5*v = -d - f, -10 = 2*d + 3*v - 26. Let g(m) = m**3 - 5*m**2 - 2*m + 6. Determine g(d).
-4
Let i(l) = l**2 + 4*l - 3. Suppose 5*a = 5*w - 110, -2*a + 64 = 3*w - 7*a. Suppose 4*n = v + v - 4, n + 5*v + w = 0. Let f be n*(-2 + 30/9). Calculate i(f).
-3
Let k = -3069 - -9209/3. Let t(z) be the first derivative of -6 + k*z**3 - 2*z + z**2. Give t(-3).
10
Let k = 6 + -4. Let a(x) be the first derivative of x**7/420 - x**6/360 - x**5/120 - x**3 + 18*x - 170. Let w(s) be the third derivative of a(s). Give w(k).
10
Let r = -30 + 28. Let b(o) be the first derivative of -o**4/12 + o**3/3 + o**2 + 9*o - 7. Let g(f) be the first derivative of b(f). Give g(r).
-6
Let l(x) = -x - 2. Let r(q) = -3*q - 7. Let y(i) = 14*l(i) - 4*r(i). Suppose 2 + 13 = 5*a. Suppose h + 4 = a*v + v, 4*v - 5*h = -12. Give y(v).
-4
Let s(n) = -n**3 + 2*n**2 - 3*n + 4. Suppose 0 = b - z + 2 - 10, 5*b - 4*z - 39 = 0. Let x(g) = 10*g - 67. Let t be x(b). Determine s(t).
-14
Let i(d) be the third derivative of 86*d**2 - 1/8*d**4 + 5/3*d**3 + 0 + 0*d. Determine i(4).
-2
Let j(a) = a**2 + a - 1191. Let n be j(-35). Let m(f) = -29*f**3 + f. Give m(n).
28
Let h(l) = -3*l - 30. Let v be 16/12*18/(5 - 7). Determine h(v).
6
Let o = 1493 - 1496. Let b(i) = -10*i - 23. Determine b(o).
7
Let v(t) = 11*t**2 - 16*t - 11. Let d be 1*(120/(-21) + 4/(-14)). Let l(b) = 5*b**2 - 7*b - 5. Let i(c) = d*v(c) + 13*l(c). Determine i(4).
5
Let s(y) be the second derivative of 2/3*y**3 + 1/20*y**5 + 0 + 202*y - 9/2*y**2 - 1/3*y**4. What is s(4)?
7
Let u(m) = 1 - 9*m - 12*m + 33*m - 6*m**2 - 14*m. Let i(n) = -n**3 + 37*n**2 + 357*n + 133. Let j be i(45). Calculate u(j).
-19
Let z(j) = j**2 + 3*j - 4. Suppose 5*l + 0*r - 2*r + 556 = 0, -4*l + 2*r = 444. Let b = 108 + l. Let y be z(b). Let h(g) = -g**2 - g - 22. Give h(y).
-22
Let z be ((-5)/3)/((-20)/24). Let f(j) = -z + 117*j - 112*j - j**2 - 2. Calculate f(6).
-10
Suppose 116*c = 109*c + 49. Let n(a) = -10*a**2 + 14*a + 5. Let z(r) = 7*r**2 - 10*r - 3. Let w(h) = c*z(h) + 5*n(h). Calculate w(0).
4
Suppose -m - 2*m + 5*f = -27, 2*m = -f + 5. Let g = -142 - -144. Let i(l) = m - 3*l**3 - l**2 + 4*l**3 + 4*l**2 - l + 0*l**g. What is i(-3)?
7
Let s = -39 + 92. Let x(t) = 2 - 54*t - 1 + s*t. Calculate x(1).
0
Let a(f) = -7*f + 210. Let t(l) = 20*l - 627. Let m(u) = 10*a(u) + 3*t(u). Give m(22).
-1
Let k be 10/(-3)*(16/80 + 26/20). Let v(m) = -19*m - 45. Determine v(k).
50
Let l(u) = u**2 + u + 7. Let p be (72/(-21))/((-7)/(-49)). Let y be 32 + p - 2/2. Suppose y*b - b + 2*b = 0. Give l(b).
7
Let n(c) = 8236 - 8224 - 3*c + 3*c - 9*c - 6*c. Let z(l) = 14*l - 9. Let f(i) = -4*n(i) - 5*z(i). Calculate f(-2).
17
Let w(l) = -49*l**3 - 17*l**2 + 8*l + 15. Let b(t) = 135*t**3 + 49*t**2 - 25*t - 46. Let h(v) = -4*b(v) - 11*w(v). Give h(-10).
-1
Suppose 121 = -3*l + 82. Let b(c) = c**3 + 13*c**2 + 9*c + 113. Give b(l).
-4
Let g(d) = -d**3 + 58*d**2 - 220*d + 224. Let n be g(54). Let j(l) = l**2 - l - 29. Give j(n).
27
Let g(h) = -101*h**2 - 107*h**2 - 105*h**2 + 2*h - 106*h**2 + 26 + 417*h**2. What is g(5)?
-14
Let j(d) = -d**3 - 2*d**2 + 30*d + 13. Let a(v) = -v**3 - v**2 + 13*v + 6. Let k(i) = 5*a(i) - 2*j(i). What is k(-1)?
1
Suppose -336 = -14*j - 56. Let s = 20 - j. Let h(l) = l**2 + l + 7. Determine h(s).
7
Let d(j) = 30*j**3 - 2*j**2 + j. Let n be (279/(-18) - -9)*110. Let r = n - -716. Calculate d(r).
29
Let w be 135/35 + -1 - (-5)/35. Let v(m) = -m**2 - 9*m + 30. Determine v(w).
-6
Let t be (-3)/(-24)*-2*-8. Let v(z) = z**3 + 6*z + 0 + 3*z**t - 10 - 9*z**2 + 8. Suppose 4*k = 2*i - 8, i - 18 + 14 = 3*k. Calculate v(i).
-10
Let n(j) = 3*j**2 - 2*j + 9. Let t(b) = 5*b**2 - 3*b - 25 + 43 - 3*b. Let q(z) = -7*n(z) + 4*t(z). Give q(-10).
9
Suppose 4*x = 3*f + 32, 0*x + 5 = -3*x - 5*f. Let q be 1/(-3)*-9 - x. Let d(p) = 2 + 5 + p - 8. Give d(q).
-3
Suppose 0 = 22*x - 666 + 72. Let f(a) = -41*a**2 + 66*a**2 - a**3 - 1 - x*a**2 + 0*a**3. What is f(-3)?
8
Let q(y) = y + 15. Let r be 3 - 2 - 3 - 40. Let l = r + 34. Let f be -6*(-3)/(18/l). Calculate q(f).
7
Let k(j) = -2*j + 1. Let y(h) = 12*h - 10. Suppose 3*w + 29*w - 32 = 0. Let d(n) = w*y(n) + 4*k(n). Give d(3).
6
Let k(c) = -c**2 - 1. Let o(p) = 2 - 3 + 15*p**2 - 7*p**2 + 6*p. Let n(l) = 6*k(l) + o(l). Let s be (-1 - 1 - 5/(-3))*(1 + 14). What is n(s)?
13
Let p be 8/6 - (0 + 32/(-3)). Let t(g) = g**2 - 11*g - 20. Let l be t(p). Let m(f) = 2 + 4*f + f**2 - 2*f + 7*f. 